17516?
132
What is the greatest common divisor of 3558 and 31806?
6
What is the highest common divisor of 3983 and 209889306?
569
Calculate the highest common factor of 393158103 and 52.
13
Calculate the greatest common divisor of 460 and 7512122.
46
What is the greatest common divisor of 27 and 507887613?
9
What is the greatest common factor of 3036114 and 666?
18
Calculate the greatest common divisor of 232942574 and 76130.
15226
What is the highest common divisor of 1008 and 3342213?
63
What is the highest common factor of 270 and 110320170?
30
What is the greatest common factor of 1302 and 13873482?
42
Calculate the greatest common factor of 1846260 and 3930.
30
Calculate the highest common factor of 1209 and 375817.
13
Calculate the greatest common divisor of 458558 and 50490.
34
What is the highest common factor of 222 and 28303557?
111
Calculate the greatest common divisor of 435643 and 136201676.
14053
What is the highest common factor of 17270519 and 21?
7
What is the greatest common divisor of 55174 and 1176?
98
What is the greatest common divisor of 448 and 13510?
14
What is the highest common divisor of 29748 and 20296128?
444
Calculate the highest common divisor of 11171076 and 84.
84
Calculate the greatest common factor of 1518 and 149347671.
759
Calculate the highest common factor of 1322617 and 1377.
17
Calculate the highest common factor of 121 and 91185721.
121
Calculate the highest common factor of 17338622 and 7278.
2426
Calculate the highest common divisor of 4542 and 14527587.
2271
Calculate the greatest common factor of 6048 and 2699928.
504
What is the greatest common factor of 2988 and 1155313188?
2988
Calculate the highest common factor of 27944610 and 90.
30
Calculate the highest common factor of 36409 and 6393737.
1583
Calculate the highest common factor of 1222419113 and 314.
157
Calculate the highest common factor of 42344 and 1384.
8
What is the highest common factor of 323794161 and 1098?
549
Calculate the greatest common divisor of 995 and 48723160.
995
What is the highest common factor of 927860 and 24565?
85
Calculate the greatest common factor of 48226260 and 3340.
3340
Calculate the highest common factor of 5748 and 31296.
12
Calculate the greatest common divisor of 22087337 and 28681.
989
What is the greatest common factor of 34854 and 14914293?
111
What is the highest common divisor of 9697181 and 11092?
2773
Calculate the greatest common divisor of 1056 and 186356.
4
What is the greatest common divisor of 258985 and 42730?
5
What is the highest common divisor of 54781110 and 50?
10
Calculate the highest common divisor of 2698444 and 85.
17
Calculate the highest common factor of 13 and 1582399.
13
Calculate the highest common factor of 157685 and 121.
11
What is the highest common divisor of 84774296 and 40?
8
What is the highest common divisor of 260 and 277350710?
130
What is the highest common divisor of 129870 and 355875?
195
Calculate the greatest common factor of 753 and 1552421697.
753
What is the greatest common factor of 432 and 1886600?
8
What is the highest common divisor of 1673 and 14511841?
239
Calculate the highest common divisor of 1262 and 9983051.
631
Calculate the highest common factor of 5520432 and 18.
6
Calculate the highest common divisor of 1230 and 45712950.
1230
What is the greatest common divisor of 2144 and 8555096?
536
Calculate the highest common divisor of 45650 and 213310.
830
Calculate the greatest common divisor of 1345 and 117615677.
269
What is the highest common factor of 285225630 and 2562?
366
Calculate the highest common divisor of 52 and 87293843.
13
What is the highest common divisor of 488 and 30367996?
244
Calculate the highest common divisor of 280291 and 13607352.
913
What is the highest common factor of 539 and 3496346?
49
What is the greatest common factor of 54650 and 17275958?
2186
What is the greatest common divisor of 4616 and 805544?
8
Calculate the greatest common divisor of 12145625 and 6250.
625
What is the greatest common divisor of 12714 and 6750822?
78
Calculate the greatest common divisor of 1 and 4629349.
1
Calculate the greatest common divisor of 15334 and 2413048.
374
Calculate the highest common factor of 28 and 230348622.
14
What is the highest common factor of 64558240 and 7314?
2438
What is the greatest common factor of 188576 and 417409?
71
What is the highest common factor of 1081 and 4543349?
47
Calculate the greatest common divisor of 6463 and 11293.
23
What is the highest common divisor of 2550952 and 612?
68
What is the greatest common factor of 85044718 and 682?
682
What is the greatest common divisor of 16 and 363321992?
8
What is the highest common factor of 368374840 and 358?
358
Calculate the highest common factor of 1080 and 17282376.
216
Calculate the highest common factor of 758594 and 456.
38
What is the highest common divisor of 40 and 15515215?
5
What is the greatest common divisor of 2325985903 and 2273?
2273
What is the highest common divisor of 1274882796 and 9?
9
Calculate the greatest common factor of 11061516 and 4260.
852
Calculate the greatest common divisor of 756 and 1092852.
108
Calculate the highest common factor of 4352892 and 108.
12
What is the greatest common factor of 101353 and 23912?
7
Calculate the highest common divisor of 102954445 and 39425.
7885
What is the highest common divisor of 122411 and 230162?
733
What is the greatest common factor of 2581 and 420731391?
2581
Calculate the greatest common factor of 1800 and 694269.
9
What is the highest common factor of 45 and 102996594?
9
What is the highest common divisor of 16082 and 589100?
86
Calculate the greatest common divisor of 25 and 1759490.
5
What is the highest common divisor of 3895 and 922551783?
779
What is the greatest common factor of 32 and 187583712?
32
What is the highest common divisor of 17095 and 8260567?
263
What is the highest common factor of 140 and 33076995?
35
What is the highest common factor of 19343 and 9712709?
841
What is the greatest common divisor of 72278290 and 10?
10
What is the highest common divisor of 74060 and 188?
4
Calculate the greatest common factor of 152 and 899212088.
152
What is the greatest common factor of 65 and 107865095?
65
Calculate the greatest common divisor of 131238 and 828.
414
What is the highest common factor of 46894165 and 21833?
3119
Calculate the highest common factor of 2272 and 6639352.
568
Calculate the highest common factor of 34 and 161029763.
17
Calculate the highest common factor of 24 and 27923538.
6
Calculate the highest common divisor of 35501983 and 1187.
1187
What is the greatest common factor of 1571625 and 891?
99
What is the greatest common factor of 734 and 3672202?
734
Calculate the greatest common factor of 735 and 117066831.
147
Calculate the highest common factor of 160331600 and 1200.
400
Calculate the highest common factor of 2 and 10882098.
2
Calculate the highest common factor of 21510005 and 27192.
1133
What is the highest common divisor of 34399 and 41984?
41
What is the highest common factor of 162080 and 17152?
32
Calculate the highest common divisor of 6208 and 358527520.
3104
What is the greatest common divisor of 3770 and 2335370?
290
Calculate the highest common factor of 5 and 1088638085.
5
What is the greatest common factor of 1104 and 514734848?
368
What is the highest common divisor of 649861 and 609?
29
Calculate the highest common factor of 485 and 262490245.
485
What is the highest common divisor of 8009494 and 33899?
311
What is the greatest common factor of 110 and 1381534?
22
Calculate the greatest common factor of 245595200 and 6.
2
What is the highest common divisor of 3031720 and 140?
20
Calculate the greatest common factor of 756 and 3800601.
189
What is the highest common factor of 122318 and 4711?
7
What is the greatest common divisor of 85152 and 12288?
96
Calculate the greatest common divisor of 182736 and 184616.
376
Calculate the highest common factor of 704 and 506007744.
704
Calculate the highest common factor of 15870090 and 30.
30
What is the greatest common divisor of 16363800 and 2205?
45
What is the highest common factor of 20678256 and 2448?
2448
Calculate the highest common factor of 1283180 and 7520.
20
What is the highest 